 18 + -6 + 1 + -6.
-15
Calculate (-1 - -2) + -7 + -22 + 30.
2
24 + 4 - (4 + 0 - (-19 + 17))
22
-4 + 2 + (-1 - (-3 + 2 + 3))
-5
Evaluate (-9 - -13) + (3 - (-5 - -5)) - 36.
-29
What is 26 + 5 + ((-10 - -9) + -9 - -4)?
25
Calculate -18 - 12 - 5 - -33.
-2
Calculate -4 + 12 - (16 + (5 - 7)).
-6
Calculate 1 + 19 + (-998 - -986).
8
What is the value of -4 + 2 + -7 + 6 - -17?
14
-20 + 34 - 11 - (-1 - (1 + 6))
11
Calculate (5 + (8 + 0 - 2) - 1) + 10.
20
1 - (5 + 31 + -13)
-22
Calculate 3 - (-4 + (5 - -2) + -12).
12
Evaluate 11 - -9 - (4 - -1).
15
-1 + 0 + -1 + -10 - (5985 + -6007)
10
What is -4 - (-22 + -12 - -14) - 22?
-6
13 - 14 - 12 - -6
-7
Evaluate (9 - 17) + 4 + (0 - 0) + 16.
12
11 + (13 + -6 - 22) + 6
2
Calculate -10 + 15 + (6 - (8 + 1)).
2
What is the value of 3 + -22 + 14 + 12?
7
-15 - (20 - 13) - (11 + 1)
-34
Calculate -9 - (14 - -2) - 2.
-27
What is 33 - 26 - (1 + -6)?
12
What is 8 + (-14 - (-13 + 7))?
0
What is -19 + 9 + 4 - (-6 + 3 + 3)?
-6
7 + 0 - (12 - 6) - (14 - 8)
-5
Evaluate 13 + (-2 - 9) + (-2 - -3 - 4).
-1
What is -7 - (0 - -1 - ((7 - 9) + 1))?
-9
What is (24 - 27) + 4 + -3 + -2 + 10?
6
Calculate -16 - (27 + -28 + 11).
-26
Evaluate (1 - 3) + 55 + -45 - 2.
6
Calculate (-1 - 5 - -11) + -94 + 111.
22
What is 12 + (-21 - (17 + -33))?
7
What is the value of 4 + (6 - (-7 + 15))?
2
Evaluate 10 - ((-1 - 6) + -1 + 7).
11
What is -3 + (-24 + 24 - (-8 - -1))?
4
Calculate -5 - (4 + -3 + 6 + -13 - -12).
-11
What is the value of 7 + -3 + -11 + -1 + -3 + -3?
-14
Evaluate -12 + -37 + 16 - (-1 - -3).
-35
What is 0 + 0 - (0 + 5) - -3?
-2
(18 - (9 - -5)) + (0 - (0 - 0))
4
What is (-1 - 4) + (2 - 2 - 8) - -6?
-7
What is the value of -351 + 373 + (-14 - 1)?
7
Calculate 26 + (-48 + 37 - 32).
-17
Evaluate -18 + -14 + (-12 - -32).
-12
What is the value of 27 + 1 - (6 + -1 - 14 - -18)?
19
What is the value of (12 - 15 - -11) + 1 + 0?
9
-2 + (12 - 2) - (17 - 2)
-7
Calculate (-2 - (-16 - (-5 + -6))) + -16.
-13
Calculate (-10 - 31) + 16 - -18.
-7
What is the value of 9 - ((5 - 28) + 8 - -11)?
13
Calculate -3 + (-13 - (-12 + -18)).
14
Calculate 6 - (-1 + 3 - -2 - -6) - -8.
4
Evaluate -9 - 14 - (55 + -50).
-28
What is the value of 0 - (9 + 10 + -20 + -7)?
8
What is (34 - 31 - (13 + -2)) + -5?
-13
(-10 - -1) + 8 - 8 - -3
-6
Calculate 3 + (-1 - (10 + (5 - 24))).
11
Calculate 17 + 0 - ((-9 - (-14 + 2)) + -1).
15
Calculate -27 - 12 - -40 - -25.
26
What is the value of (4 + -6 - 2) + (-1 - (3 - -11))?
-19
What is 0 - -13 - (-11 + 13) - (78 + -83)?
16
What is -14 + 1 + (-2 - -9)?
-6
What is the value of -2 - (6 - (12 + 4))?
8
(140 - 139 - (0 - 1 - -14)) + 6
-6
Calculate -8 + (0 - -2) - (334 - 356).
16
57 - 25 - 24 - (0 - -7)
1
(18 - 2) + (-704 - -699)
11
What is the value of -30 - -33 - (19 - 9)?
-7
Calculate (2 + 28 - -10 - 16) + 4.
28
What is (24 + 8 - 32) + -11?
-11
What is the value of (-86 - -74 - (0 - 20)) + 0?
8
What is 2 - (10 - 2) - (-16 - -14)?
-4
Evaluate 12 + 17 + -30 + 16 - -11.
26
What is the value of 58 + 2 + (-260 - -231)?
31
(-5 - (-6 - 13)) + (-5 - (-3 + 2))
10
Calculate 7 + 0 - (50 + -51).
8
Evaluate -27 + 82 - 29 - 31.
-5
Calculate 4 - (3 + 1 + -22 - -5).
17
-38 - 2 - (-46 + 30)
-24
31 + -28 + 10 + -12
1
Calculate -2 - (7 + -3 + (2 - 2)).
-6
Calculate -17 + 4 + 9 + 3.
-1
What is the value of (-78 - -65) + -1 + -2 + 2?
-14
What is the value of 0 + 7 + (3 - 1) + -5 + -2?
2
Calculate (-30 - -6) + 12 - -30.
18
(10 - (-2 + 11)) + 2 + -1 + -5
-3
(8 - (4 + -16 - -5)) + -15
0
What is the value of -11 + 3 + (9 - (-9 + 16))?
-6
What is the value of 1 + -33 - (1110 + -1143)?
1
What is 0 + 7 - (-4 - -11 - 7)?
7
What is (0 - -9) + (-42 + 31 - 5)?
-7
What is the value of (22 - 0) + (-464 - -448)?
6
Calculate -5 + 8 + (8 + 0 - 12).
-1
Evaluate 1 - ((11 + -8 - 10) + 5 + -1).
4
Evaluate 6 - (-19 - -22) - 20.
-17
What is -2 - 1 - (-12 + 26) - (-23 + 17)?
-11
Calculate -17 + -8 + 26 + -3.
-2
Evaluate (16 - 2) + (-1 - 14).
-1
Calculate -21 + (-2 - 18) + 10 + (9 - 8).
-30
What is -14 + -1 - 2 - (-246 + 227)?
2
Calculate 12 + (-16 + 24 - (9 + -1)).
12
-16 + -8 + 15 + 13
4
What is 4 + (2 - 19) + (13 - 19 - 2)?
-21
4 - (-3 - -5) - (-9 + 18)
-7
What is the value of -14 - -31 - (6 - 0)?
11
Calculate 8 - (-1 - (6 - 6)).
9
(-20 - -23) + 3 + 3
9
(12 - 17) + 17 + 3
15
Evaluate 75 - 67 - (11 + 4 + -2 + 2).
-7
Calculate 19 + -6 + -20 - (-28 + 3 + -2).
20
Calculate 2 + -4 - (7 + -17) - (4 + 3).
1
What is -207 + 205 - (4 + -2)?
-4
Calculate 21 + (6 - (7 + 7) - 0).
13
What is 36 + -10 + -15 - 19?
-8
What is the value of (20 - (0 + 5) - -6) + -6 + -6?
9
What is the value of -6 - -3 - (10 + -9 + 0)?
-4
-23 + (2 - -8) + 61 + -68
-20
What is -5 + -13 + 5 - -6 - -2?
-5
Evaluate 16 - ((-6 - (-23 - -3)) + 12).
-10
What is -549 + 538 - (11 - 1)?
-21
-3 + (5 - 7) - ((-11 - -33) + -25)
-2
What is the value of -10 - (-5 + 0 - (-4 - -2))?
-7
What is 8 - ((2 - (-1 - -17)) + 20)?
2
What is -1 + 3 + -2 - (-8 + 24 - 23)?
7
What is the value of 10 + -39 + 21 + -1?
-9
Evaluate (-12 - 0) + 38 + 18 + -36.
8
What is (-1 - (0 - 0)) + (97 - 103) + 2?
-5
Calculate (11 - ((6 - 2) + 1) - 18) + -2.
-14
Evaluate (14 - 9 - 5) + 10 + -6.
4
What is 1 + (11 - 15 - 3) + 5?
-1
What is 8 - (-4 - (12 + -10 - 12))?
2
Calculate (-133 - -138) + 3 + 0 + -20 + -2.
-14
Evaluate 6 - (-37 + 9 - -12).
22
10 - (-5 + -1) - (2 - 6 - -2)
18
-13 - ((0 - 1) + (-8 - -1) + 14)
-19
What is -7 + -1 + 16 - (23 + (-1 - -2))?
-16
-41 + 36 - (-14 - -3)
6
-3 + 4 - ((26 - -22) + -43)
-4
Evaluate 15 + 5 + -2 - (0 + 6).
12
-2 - (-2 + 0) - (35 + -3 - 28)
-4
(8 - -5) + -5 - 5
3
Evaluate -3 - (-2 + -16 + 1).
14
Evaluate -4 - ((0 + -3 + 8 - 5) + 10).
-14
-131 - -135 - (-3 - -13 - -2)
-8
27 + (69 + -36 - 50)
10
Calculate 30 + (-22 - 3) - (8 + 0).
-3
What is the value of -14 + -11 + 5 - -8?
-12
What is the value of -50 - (-31 - 1) - 13?
-31
-5 + (-5 + 8 - -15)
13
23 + -1 + -3 - (-3 - -2)
20
What is the value of -7 + 4 + 25 - 14?
8
What is -11 + (8 - -16) - (-4 + -8)?
25
What is the value of 510 + -503 + (-2 - 45)?
-40
Calculate -1 + (-17 + 5 - -12).
-1
What is 96 - (48 - 11) - 25?
34
What is -7 - (0 + (3 - 0 - 10 - -2))?
-2
What is the value of -32 - ((-1 - (-15 - -26)) + 1)?
-21
What is 14 + (-33 - 12) + 17 + 51?
37
13 + -14 + 17 + -24
-8
Evaluate -30 - (-19 - -11) - (0 + -4 - 0).
-18
What is the value of (-23 - (47 - 27)) + 15?
-28
27 - (45 + -40) - (2 + 5)
15
-19 + 28 + 2 + (1 - 12)
0
What is 3 + (1 - 19 - -12) + 22?
19
Calculate 21 - ((-4 - 12 - -18) + -15).
34
Evaluate -11 + -5 + (32 - 22).
-6
Evaluate -5 + 33 - (-5 + 44).
-11
Calculate (23 - 6 - 8) + -17.
-8
Evaluate -5 + 11 + 8 + -13.
1
1 + -11 - (-13 - 18 - -34)
-13
What is the value of 5 + (10 - 8) - (10 + -23 + 1)?
19
What is 4 + (18 + -7 - 18)?
-3
What is 69 - 72 - (3 + 1 + 1)?
-8
Calculate (-19 - 0) + (-128 - -170) + (0 - 0).
23
What is (-27 - -36) + (-13 - 11)?
-15
Evaluate -38 + (-1 - -7) + 13.
-19
What is -25 + 0 - (-16 + 6 + 12 - 7)?
-20
What is 8 + (23 - (7 + 37))?
-13
Calculate -10 - -31 - 35 - -37.
23
-4 - (0 - 21 - -22)
-5
Evaluate -19 + -35 + 14 - -38.
-2
5 - 2 - (-4 + 9 - (27 + -20))
5
Calculate -303 + 316 + -1 + 0 + -4 + 7.
15
Evaluate -11 + (30 - (6 - (8 + -10))).
11
5 + 5 + -9 - -2 - 13
-10
What is (44 - -1) + -199 + 168?
14
Evaluate (1 - (0 + 4)) + -173 + 167.
-9
Calculate -8 + 30 - (-38 + 64).
-4
Calculate 8 + 3 + (2 - -1).
14
Calculate -19 + 5 + 0 + 0 + 1 + 0.
-13
What is the value of 0 - -10 - (-226 + 228 - (1 + 1))?
10
What is the value of -8 - (-10 + 16 + -21)?
7
Evaluate -14 - ((-14 - -12) + (-3 - 1)).
-8
6 + -2 - (18 + 5 + -11) - 9
-17
-12 + -20 - -28 - 11
-15
What is -1 - (-1 + 10 - (-15 - -35))?
10
(0 - (5 + -1)) + 4 - -3 - -13
16
Calculate -1 + 12 + 4 - 0.
15
Evaluate 47 + -77 + 1 + 16.
-13
Evaluate 16 - 2 - (-5 - (17 - 5)).
31
What is 10 + (-14 - 15) + 14?
-5
Evaluate (-5 - 0 - (-5 + -1) - -6) + -17.
-10
-5 + 0 + (-16 - (-3 + 16 - 25))
-9
What is the value of (-1 - -3) + 6 + -1467 + 1467?
8
Evaluate -6 + 6 + 18 - (97 - 76).
-3
What is the value of (17 - 40) + 35 - (-14 + 0)?
26
59 + -67 + -1 + 7 + -10
-12
What is the value of 10 + (11 - (-2 + 10 + 2))?
11
What is the value of 7 + 0 - (-8 + (-4 - (-3 - -1)))?
17
-76 - -18 - (83 + -125)
-16
What is the value of (-1 - -3) + -1 + 6 - -4?
11
Calculate -17 + (-6 - -9) + 26.
12
What is -309 + 308 - (-2 + 5 - 8)?
4
-1